{"id":7128,"date":"2025-12-22T10:08:33","date_gmt":"2025-12-22T09:08:33","guid":{"rendered":"http:\/\/www.mallorcafinanzierer.com\/?page_id=7128"},"modified":"2026-04-13T12:06:33","modified_gmt":"2026-04-13T10:06:33","slug":"elementor-seite-7128","status":"publish","type":"page","link":"http:\/\/www.mallorcafinanzierer.com\/index.php\/elementor-seite-7128\/","title":{"rendered":"Nie Nummer f\u00fcr Spanien"},"content":{"rendered":"\t\t<div data-elementor-type=\"wp-page\" data-elementor-id=\"7128\" class=\"elementor elementor-7128\" data-elementor-post-type=\"page\">\n\t\t\t\t\t\t<div class=\"elementor-section elementor-top-section elementor-element elementor-element-ec6ff57 elementor-section-stretched elementor-reverse-tablet elementor-reverse-mobile elementor-section-boxed elementor-section-height-default elementor-section-height-default\" data-id=\"ec6ff57\" data-element_type=\"section\" data-settings=\"{&quot;stretch_section&quot;:&quot;section-stretched&quot;}\">\n\t\t\t\t\t\t<div class=\"elementor-container elementor-column-gap-no\">\n\t\t\t\t\t<div class=\"elementor-column elementor-col-50 elementor-top-column elementor-element elementor-element-6aca037\" data-id=\"6aca037\" data-element_type=\"column\" data-settings=\"{&quot;background_background&quot;:&quot;classic&quot;}\">\n\t\t\t<div class=\"elementor-widget-wrap elementor-element-populated\">\n\t\t\t\t\t\t<div class=\"elementor-element elementor-element-a738f9a elementor-widget elementor-widget-spacer\" data-id=\"a738f9a\" data-element_type=\"widget\" data-widget_type=\"spacer.default\">\n\t\t\t\t\t\t\t<div class=\"elementor-spacer\">\n\t\t\t<div class=\"elementor-spacer-inner\"><\/div>\n\t\t<\/div>\n\t\t\t\t\t\t<\/div>\n\t\t\t\t\t<\/div>\n\t\t<\/div>\n\t\t\t\t<div class=\"elementor-column elementor-col-50 elementor-top-column elementor-element elementor-element-fcafc3b\" data-id=\"fcafc3b\" data-element_type=\"column\">\n\t\t\t<div class=\"elementor-widget-wrap elementor-element-populated\">\n\t\t\t\t\t\t<div class=\"elementor-element elementor-element-6bb8212 elementor-widget elementor-widget-text-editor\" data-id=\"6bb8212\" data-element_type=\"widget\" data-widget_type=\"text-editor.default\">\n\t\t\t\t\t\t\t\t\t<h2>Die NIE-Nummer f\u00fcr Spanien \u2013 warum sie unverzichtbar ist\u00a0<\/h2>\t\t\t\t\t\t\t\t<\/div>\n\t\t\t\t<div class=\"elementor-element elementor-element-c9dd7e7 elementor-widget elementor-widget-text-editor\" data-id=\"c9dd7e7\" data-element_type=\"widget\" data-widget_type=\"text-editor.default\">\n\t\t\t\t\t\t\t\t\t<p style=\"font-weight: 400;\">Die NIE-Nummer in Spanien (N\u00famero de Identidad de Extranjero) ist der wichtigste Identifikationsnachweis f\u00fcr ausl\u00e4ndische Staatsb\u00fcrger. Ohne sie ist fast nichts m\u00f6glich: Immobilienfinanzierung, Kontoer\u00f6ffnung, Arbeitsaufnahme, Immobilienkauf, Kfz-Anmeldung oder steuerliche Prozesse. Sie dient als spanische Steuernummer und wird bei nahezu allen gesch\u00e4ftlichen und beh\u00f6rdlichen Vorg\u00e4ngen zwingend ben\u00f6tigt. Wer in Spanien investieren, leben oder wirtschaftlich aktiv werden m\u00f6chte, braucht diese Nummer.<\/p>\t\t\t\t\t\t\t\t<\/div>\n\t\t\t\t<div class=\"elementor-element elementor-element-e69c5e0 elementor-widget elementor-widget-text-editor\" data-id=\"e69c5e0\" data-element_type=\"widget\" data-widget_type=\"text-editor.default\">\n\t\t\t\t\t\t\t\t\t<h2 style=\"font-weight: 400;\">NIE-Nummer f\u00fcr Spanien online beantragen \u2013 schnell, sicher und ohne B\u00fcrokratie\u00a0<\/h2>\t\t\t\t\t\t\t\t<\/div>\n\t\t\t\t<div class=\"elementor-element elementor-element-9b5d46c elementor-widget elementor-widget-text-editor\" data-id=\"9b5d46c\" data-element_type=\"widget\" data-widget_type=\"text-editor.default\">\n\t\t\t\t\t\t\t\t\t<p style=\"font-weight: 400;\">Das Beantragen der NIE-Nummer kann f\u00fcr viele Antragsteller m\u00fchsam sein: lange Wartezeiten, fehlende Termine, un\u00fcbersichtliche spanische Formulare. Genau hier setzt der Service von Gold Finanz an. Wir \u00fcbernehmen den gesamten Prozess \u2013 einschlie\u00dflich der Vorbereitung der notariellen Vollmacht \u2013 vollst\u00e4ndig f\u00fcr Sie. Sie profitieren von klaren Abl\u00e4ufen, verl\u00e4sslichen Bearbeitungszeiten und einem professionellen Ansprechpartner auf Deutsch. Unsere Dienstleistung spart Zeit, Nerven und unn\u00f6tige Wege vor Ort.<\/p>\t\t\t\t\t\t\t\t<\/div>\n\t\t\t\t<div class=\"elementor-element elementor-element-954ceb8 elementor-align-center spacey-style-button-hover-yes elementor-widget elementor-widget-button\" data-id=\"954ceb8\" data-element_type=\"widget\" data-widget_type=\"button.default\">\n\t\t\t\t\t\t\t\t\t\t<a class=\"elementor-button elementor-button-link elementor-size-sm\" href=\"#elementor-action%3Aaction%3Dpopup%3Aopen%26settings%3DeyJpZCI6IjcyNjUiLCJ0b2dnbGUiOmZhbHNlfQ%3D%3D\">\n\t\t\t\t\t\t<span class=\"elementor-button-content-wrapper\">\n\t\t\t\t\t\t\t\t\t<span class=\"elementor-button-text\">NIE Nummer online beantragen<\/span>\n\t\t\t\t\t<\/span>\n\t\t\t\t\t<\/a>\n\t\t\t\t\t\t\t\t<\/div>\n\t\t\t\t\t<\/div>\n\t\t<\/div>\n\t\t\t\t\t<\/div>\n\t\t<\/div>\n\t\t<div class=\"elementor-element elementor-element-ff81680 e-flex e-con-boxed e-con e-parent\" data-id=\"ff81680\" data-element_type=\"container\">\n\t\t\t\t\t<div class=\"e-con-inner\">\n\t\t\t\t<div class=\"elementor-element elementor-element-535c92c elementor-widget elementor-widget-html\" data-id=\"535c92c\" data-element_type=\"widget\" data-widget_type=\"html.default\">\n\t\t\t\t\t<iframe \r\n  src=\"https:\/\/nienummer-goldfinanz.vercel.app\/\" \r\n  width=\"100%\" \r\n  height=\"900\" \r\n  frameborder=\"0\" \r\n  style=\"border: none; border-radius: 8px; box-shadow: 0 4px 6px rgba(0,0,0,0.1);\">\r\n<\/iframe>\t\t\t\t<\/div>\n\t\t\t\t\t<\/div>\n\t\t\t\t<\/div>\n\t\t\t\t<div class=\"elementor-section elementor-top-section elementor-element elementor-element-8548cf1 elementor-section-full_width elementor-section-stretched elementor-section-height-default elementor-section-height-default\" data-id=\"8548cf1\" data-element_type=\"section\" data-settings=\"{&quot;stretch_section&quot;:&quot;section-stretched&quot;,&quot;background_background&quot;:&quot;classic&quot;}\">\n\t\t\t\t\t\t<div class=\"elementor-container elementor-column-gap-no\">\n\t\t\t\t\t<div class=\"elementor-column elementor-col-50 elementor-top-column elementor-element elementor-element-0f2f888\" data-id=\"0f2f888\" data-element_type=\"column\" data-settings=\"{&quot;background_background&quot;:&quot;gradient&quot;}\">\n\t\t\t<div class=\"elementor-widget-wrap elementor-element-populated\">\n\t\t\t\t\t\t<div class=\"elementor-element elementor-element-008acba elementor-widget elementor-widget-image\" data-id=\"008acba\" data-element_type=\"widget\" data-widget_type=\"image.default\">\n\t\t\t\t\t\t\t\t\t\t\t\t\t\t\t<img fetchpriority=\"high\" decoding=\"async\" width=\"835\" height=\"500\" src=\"http:\/\/www.mallorcafinanzierer.com\/wp-content\/uploads\/2020\/11\/home4_image-13.jpg\" class=\"attachment-full size-full wp-image-6178\" alt=\"\" srcset=\"http:\/\/www.mallorcafinanzierer.com\/wp-content\/uploads\/2020\/11\/home4_image-13.jpg 835w, http:\/\/www.mallorcafinanzierer.com\/wp-content\/uploads\/2020\/11\/home4_image-13-300x180.jpg 300w, http:\/\/www.mallorcafinanzierer.com\/wp-content\/uploads\/2020\/11\/home4_image-13-768x460.jpg 768w\" sizes=\"(max-width: 835px) 100vw, 835px\" \/>\t\t\t\t\t\t\t\t\t\t\t\t\t\t\t<\/div>\n\t\t\t\t\t<\/div>\n\t\t<\/div>\n\t\t\t\t<div class=\"elementor-column elementor-col-50 elementor-top-column elementor-element elementor-element-a81d1c8\" data-id=\"a81d1c8\" data-element_type=\"column\" data-settings=\"{&quot;background_background&quot;:&quot;classic&quot;}\">\n\t\t\t<div class=\"elementor-widget-wrap elementor-element-populated\">\n\t\t\t\t\t\t<div class=\"elementor-element elementor-element-77d1ee3 elementor-widget__width-initial animated-fast elementor-widget-tablet__width-initial elementor-invisible elementor-widget elementor-widget-heading\" data-id=\"77d1ee3\" data-element_type=\"widget\" data-settings=\"{&quot;_animation&quot;:&quot;opal-move-left&quot;}\" data-widget_type=\"heading.default\">\n\t\t\t\t\t<h2 class=\"elementor-heading-title elementor-size-default\">NIE-Nummer f\u00fcr Spanien online beantragen \u2013 bequem von zu Hause aus mit professionellem Service direkt vor Ort<\/h2>\t\t\t\t<\/div>\n\t\t\t\t<div class=\"elementor-element elementor-element-8cc02df animated-fast elementor-widget__width-initial elementor-widget-tablet__width-inherit elementor-tabs-view-horizontal elementor-invisible elementor-widget elementor-widget-spacey-tabs elementor-widget-tabs\" data-id=\"8cc02df\" data-element_type=\"widget\" data-settings=\"{&quot;_animation&quot;:&quot;opal-move-left&quot;}\" data-widget_type=\"spacey-tabs.default\">\n\t\t\t\t<div class=\"elementor-widget-container\">\n\t\t\t\t\t        <div class=\"elementor-tabs\" role=\"tablist\">\n            <div class=\"elementor-tabs-wrapper\">\n                                    <div id=\"elementor-tab-title-1471\" class=\"elementor-tab-title elementor-tab-desktop-title elementor-active elementor-repeater-item-f9cf33c\" data-tab=\"1\" role=\"tab\" aria-controls=\"elementor-tab-content-1471\">\n                        <a href=\"\">Online beantragen<\/a>\n                    <\/div>\n                                    <div id=\"elementor-tab-title-1472\" class=\"elementor-tab-title elementor-tab-desktop-title  elementor-repeater-item-8652f74\" data-tab=\"2\" role=\"tab\" aria-controls=\"elementor-tab-content-1472\">\n                        <a href=\"\">Service direkt vor Ort  <\/a>\n                    <\/div>\n                            <\/div>\n            <div class=\"elementor-tabs-content-wrapper\">\n                                    <div class=\"elementor-tab-title elementor-tab-mobile-title elementor-active elementor-repeater-item-f9cf33c\" data-tab=\"1\" role=\"tab\" aria-controls=\"elementor-tab-content-1471\"><a href=\"\">Online beantragen<\/a><\/div>\n                    <div id=\"elementor-tab-content-1471\" class=\"elementor-tab-content elementor-clearfix elementor-active elementor-repeater-item-f9cf33c\" data-tab=\"1\" role=\"tabpanel\" aria-labelledby=\"elementor-tab-title-1471\">\n                                                    <h3>NIE-Nummer f\u00fcr Spanien online beantragen \u2013 bequem von zu Hause aus<\/h3><p>Mit Gold Finanz k\u00f6nnen Sie Ihre NIE-Nummer in Spanien online beantragen, ohne selbst nach Spanien reisen zu m\u00fcssen. Der komplette Prozess l\u00e4uft digital und effizient ab. Sie senden uns die notwendigen Unterlagen, wir k\u00fcmmern uns um die rechtskonforme Einreichung bei den zust\u00e4ndigen Beh\u00f6rden. Innerhalb von 10 Arbeitstagen nach Eingang der Vollmacht erhalten Sie Ihre offizielle NIE-Nummer. Schneller, transparenter und bequemer geht es nicht \u2013 ideal f\u00fcr Immobilienk\u00e4ufer, Auswanderer, Investoren und alle, die kurzfristig handlungsf\u00e4hig sein m\u00fcssen.<\/p>                                            <\/div>\n\n                                    <div class=\"elementor-tab-title elementor-tab-mobile-title  elementor-repeater-item-8652f74\" data-tab=\"2\" role=\"tab\" aria-controls=\"elementor-tab-content-1472\"><a href=\"\">Service direkt vor Ort  <\/a><\/div>\n                    <div id=\"elementor-tab-content-1472\" class=\"elementor-tab-content elementor-clearfix  elementor-repeater-item-8652f74\" data-tab=\"2\" role=\"tabpanel\" aria-labelledby=\"elementor-tab-title-1472\">\n                                                    <h3>NIE-Nummer auf Mallorca beantragen \u2013 professioneller Service direkt vor Ort<\/h3><p>Gerade auf den Balearen ist die Nachfrage nach Terminen besonders hoch. Wer seine NIE-Nummer auf Mallorca beantragen m\u00f6chte, profitiert deshalb besonders von unserem erprobten Service. Dank unseres Netzwerks und unserer Erfahrung auf den Inseln k\u00f6nnen wir den Antrag z\u00fcgig und zuverl\u00e4ssig abwickeln \u2013 ohne dass Sie selbst bei der Polizei oder Ausl\u00e4nderbeh\u00f6rde erscheinen m\u00fcssen. Ob Immobilienkauf, Vertragsunterzeichnung oder Banktermin auf Mallorca: Mit Gold Finanz sind Sie bestens vorbereitet und erhalten Ihre NIE-Nummer rechtzeitig und ohne Stress.<\/p>                                            <\/div>\n\n                            <\/div>\n        <\/div>\n        \t\t\t\t<\/div>\n\t\t\t\t<\/div>\n\t\t\t\t<div class=\"elementor-element elementor-element-df79f73 elementor-mobile-align-center animated-fast spacey-style-button-hover-yes elementor-invisible elementor-widget elementor-widget-button\" data-id=\"df79f73\" data-element_type=\"widget\" data-settings=\"{&quot;_animation&quot;:&quot;opal-move-left&quot;}\" data-widget_type=\"button.default\">\n\t\t\t\t\t\t\t\t\t\t<a class=\"elementor-button elementor-button-link elementor-size-sm\" href=\"#elementor-action%3Aaction%3Dpopup%3Aopen%26settings%3DeyJpZCI6IjcyNjUiLCJ0b2dnbGUiOmZhbHNlfQ%3D%3D\">\n\t\t\t\t\t\t<span class=\"elementor-button-content-wrapper\">\n\t\t\t\t\t\t<span class=\"elementor-button-icon\">\n\t\t\t\t<i aria-hidden=\"true\" class=\"spacey-icon- spacey-icon-long-arrow-right\"><\/i>\t\t\t<\/span>\n\t\t\t\t\t\t\t\t\t<span class=\"elementor-button-text\">Nie-Nummber beantragen<\/span>\n\t\t\t\t\t<\/span>\n\t\t\t\t\t<\/a>\n\t\t\t\t\t\t\t\t<\/div>\n\t\t\t\t\t<\/div>\n\t\t<\/div>\n\t\t\t\t\t<\/div>\n\t\t<\/div>\n\t\t\t\t<\/div>\n\t\t","protected":false},"excerpt":{"rendered":"<p>Die NIE-Nummer f\u00fcr Spanien \u2013 warum sie unverzichtbar ist\u00a0 Die NIE-Nummer in Spanien (N\u00famero de Identidad de Extranjero) ist der wichtigste Identifikationsnachweis f\u00fcr ausl\u00e4ndische Staatsb\u00fcrger. Ohne sie ist fast nichts m\u00f6glich: Immobilienfinanzierung, Kontoer\u00f6ffnung, Arbeitsaufnahme, Immobilienkauf, Kfz-Anmeldung oder steuerliche Prozesse. Sie dient als spanische Steuernummer und wird bei nahezu allen gesch\u00e4ftlichen und beh\u00f6rdlichen Vorg\u00e4ngen zwingend ben\u00f6tigt. [&hellip;]<\/p>\n","protected":false},"author":2,"featured_media":6922,"parent":0,"menu_order":0,"comment_status":"closed","ping_status":"closed","template":"elementor_header_footer","meta":{"footnotes":""},"class_list":["post-7128","page","type-page","status-publish","has-post-thumbnail","hentry"],"_links":{"self":[{"href":"http:\/\/www.mallorcafinanzierer.com\/index.php\/wp-json\/wp\/v2\/pages\/7128","targetHints":{"allow":["GET"]}}],"collection":[{"href":"http:\/\/www.mallorcafinanzierer.com\/index.php\/wp-json\/wp\/v2\/pages"}],"about":[{"href":"http:\/\/www.mallorcafinanzierer.com\/index.php\/wp-json\/wp\/v2\/types\/page"}],"author":[{"embeddable":true,"href":"http:\/\/www.mallorcafinanzierer.com\/index.php\/wp-json\/wp\/v2\/users\/2"}],"replies":[{"embeddable":true,"href":"http:\/\/www.mallorcafinanzierer.com\/index.php\/wp-json\/wp\/v2\/comments?post=7128"}],"version-history":[{"count":61,"href":"http:\/\/www.mallorcafinanzierer.com\/index.php\/wp-json\/wp\/v2\/pages\/7128\/revisions"}],"predecessor-version":[{"id":7636,"href":"http:\/\/www.mallorcafinanzierer.com\/index.php\/wp-json\/wp\/v2\/pages\/7128\/revisions\/7636"}],"wp:featuredmedia":[{"embeddable":true,"href":"http:\/\/www.mallorcafinanzierer.com\/index.php\/wp-json\/wp\/v2\/media\/6922"}],"wp:attachment":[{"href":"http:\/\/www.mallorcafinanzierer.com\/index.php\/wp-json\/wp\/v2\/media?parent=7128"}],"curies":[{"name":"wp","href":"https:\/\/api.w.org\/{rel}","templated":true}]}}